hat is the thousands digit of s?
1
Let q be -2*-46*105/12. Suppose -5*v = -5*b - 2010, 5*v + 5*b - 1255 = q. What is the tens digit of v?
0
Let l = -56 - -57. Let o be (14/91 - (-342)/(-26)) + l. What is the hundreds digit of -2 + o*(82/(-8))/1?
1
Let i(a) = -475*a + 281. Let u be i(-16). Suppose 711 - u = -6*o. What is the thousands digit of o?
1
Let t be 63/12 + 0 - (-3)/(-12). Let o be (t/(-2))/1*6/(-5). What is the tens digit of 3 - (8/12 + (-311)/o)?
0
Let u(g) = 2*g**2 - 16*g + 58. Let w be u(5). Let k = w - 26. Suppose -399 = -5*o + 2*x, k*o - 2*x - 77 - 85 = 0. What is the units digit of o?
9
Suppose -4*k + 35 = -49. Let d be (5/(-45)*-6)/((-12)/(-2358)). Let p = d - k. What is the units digit of p?
0
Let h(y) = 13*y**3 - 25*y**2 + 193*y - 2842. What is the thousands digit of h(13)?
4
Let l(q) = -4*q - 9 - 12*q - 2*q + q**2 + 24*q**3 - 17*q**3. What is the hundreds digit of l(4)?
3
Suppose -4 = 5*y - 2*u, -4*y - 2*u = y - 4. Suppose 3*r + 0*r = y. Suppose -5*i + 415 - 95 = r. What is the tens digit of i?
6
Let k(a) = a - 4. Suppose -5*p = s - 13, 3*p - 4 = -3*s + 23. Let j be k(s). What is the units digit of 107 + 4/(j/3)?
0
Suppose -5*o - 4*k = -122892, 148*k + 122889 = 5*o + 151*k. What is the thousands digit of o?
4
Suppose -r - 9*r + 2250 = 0. Suppose r - 813 = -4*z. What is the hundreds digit of z?
1
Suppose -9*u + 45*u - 1260 = 0. Suppose u*l - 18351 = 17874. What is the thousands digit of l?
1
Suppose 3*s + 2*m - 5 = 23, 12 = 2*s + 3*m. Let p = 5 - s. Let y(j) = -j**2 - 18*j + 16. What is the tens digit of y(p)?
9
Suppose -2*v = d - 36376, 193*v - 192*v - 181961 = -5*d. What is the ten thousands digit of d?
3
Let c be 19/2 - (-5 + (-13)/(-2)). What is the units digit of (8/((-8)/2))/(c/(-116))?
9
Let u = -34 + 37. Suppose -u*g - 14 = -4*r - r, 4*g + 8 = 4*r. What is the tens digit of (54/10)/((g + -4)/(-30))?
8
Let w = 10704 + -2543. What is the tens digit of w?
6
Let z = 2 - 2. Suppose z = 5*w - w - 12. What is the units digit of (-4 + 51/9)/(1/w)?
5
Suppose -406 = -g + q - 5*q, 0 = 5*g + 2*q - 2084. Suppose 2*b - 2*m = b + g, -2055 = -5*b + 3*m. What is the units digit of (-14)/(-35) + b/5?
2
Let s be (-3 + (-11151)/(-6))*18/27. Suppose -4*d = -y + s, -d + 2*d = 5*y - 6223. What is the units digit of y?
5
Suppose 2*d = 3*b + 12442, 36*b = 4*d + 29*b - 24890. What is the tens digit of d?
1
Let z(b) = 45*b**2 - 9*b + 41. What is the hundreds digit of z(7)?
1
Suppose -6*y + 5 = -5*y. Let u be -2*(-7 + 0 + 4). What is the units digit of y/(5/u) + (-38)/19?
4
Suppose -5*q + 289 = w, 6*w + 2*q = 7*w - 240. What is the tens digit of w?
5
Suppose 3*s + 69 = 3*a, 3*a - 5*s + 4*s - 71 = 0. Suppose 15*i - a*i = -3096. What is the hundreds digit of i?
3
Suppose -44*y + 36*y = -10168. Let c = 1961 - y. What is the hundreds digit of c?
6
Let f(t) = -395*t - 225. Let c be f(-42). Suppose -53*m + c = -38*m. What is the tens digit of m?
9
Suppose 10*p - 2*f = 8*p + 39880, 19890 = p - 11*f. What is the hundreds digit of p?
9
Suppose 13820501 + 10739186 + 15675398 = 495*j. What is the hundreds digit of j?
2
What is the units digit of (-8 + (-23895)/18 + 7)*-4?
4
Let n = -69 - -68. Let q be n/(-2 + (-12)/(-8)). Suppose 219 = i - 5*c, -4*i + q*c = -0*c - 894. What is the units digit of i?
4
Suppose -51 = -5*y + 34. Suppose -218 = -3*i - 2*s, -2*s + y - 255 = -3*i. Let u = -52 + i. What is the units digit of u?
4
Let m = -394 - -412. What is the units digit of (-63)/m - (-254)/4?
0
Suppose y = -18*y + 133. Suppose 2*j + 4*w = y*j - 7096, 0 = 3*j + 5*w - 4265. What is the units digit of j?
0
Let b(z) be the second derivative of -z**3/2 + z**2/2 + z. Let k(j) = 55*j - 281. Let d be k(5). What is the tens digit of b(d)?
1
Let w = 36589 - -21360. What is the units digit of w?
9
Let z(u) = 209*u + 84. What is the tens digit of z(27)?
2
Suppose -x - 38 = -3*b - 10, -b + 3*x = -12. Suppose 0 = -5*q + b + 6. Suppose 0 = -q*m + 11*m - 1400. What is the tens digit of m?
7
Let f = -5 + 13. Let m(j) = -j**2 + 8*j - 2. Let c be m(f). What is the tens digit of (14 + -1 + -2)*(c - -7)?
5
Let s = -289 - -317. What is the thousands digit of (-3)/(-12) + (-2 - (-39025)/s)?
1
Let y = 545 - 625. What is the units digit of (y/(-2))/(103/4841)?
0
Let x = -282 + 5312. What is the tens digit of (-18)/(-15)*x/6?
0
Let s(o) = -5*o**2 + 153*o + 101. Let b(q) = -2*q**2 + 77*q + 50. Let t(u) = -9*b(u) + 4*s(u). What is the hundreds digit of t(-37)?
2
What is the tens digit of (-52666)/(-22) - (-3)/(-66)*-2?
9
Suppose -4*r + 28256 = 5*h, -3*r = -5*h + 1155 - 22347. What is the thousands digit of r?
7
Let d(j) be the second derivative of -185*j**3/6 - 55*j**2/2 - 2*j - 8. What is the units digit of d(-3)?
0
What is the hundreds digit of (-30 + (-5023)/(-4))/((-1)/(-4))?
9
What is the tens digit of (-3)/(6 - 12)*-2 + 5517?
1
Let f(z) = -4*z**2 - 5*z + 2. Let x be f(-4). What is the hundreds digit of 4/x - (-108200)/525?
2
Suppose -2*a - 26*r = -21*r - 14614, r + 4 = 0. What is the thousands digit of a?
7
What is the ten thousands digit of 24 + -18 + 188922/6?
3
Let r = -64 + 64. Suppose r = -2*v + 145 + 463. What is the units digit of v?
4
Let t(x) = -88*x**2 + 6*x + 1. Let q be t(1). Let d be (-24)/((-1)/(-8)*-1). Let a = d + q. What is the hundreds digit of a?
1
Suppose -108 - 16 = -4*z. Suppose 4*f + 3*d = 241, -2*d = -2*f + z + 79. Suppose 28*w = 27*w + f. What is the units digit of w?
8
Suppose -3*c + 7*c = 32. Let j be (c/(-20))/(((-6)/(-45))/(-2)). Suppose 265 = j*h - h. What is the tens digit of h?
5
Let h(b) = -b**2 + 17*b + 3. Let o be h(17). Let z(d) = 2*d - 4. Let k be z(o). Suppose -4*w - 164 = -2*s, 164 = k*s - 4*w - w. What is the units digit of s?
2
Let l(k) = -k**2 - 4*k + 41. Let h be l(4). Suppose -9950 = -h*j - 1643. What is the tens digit of j?
2
What is the hundreds digit of ((-35424)/126)/(0 - (-4)/(-14))?
9
Let b = 116 - 196. Let z = 176 + b. What is the tens digit of z?
9
Suppose 0 = 5*w - 2*i - 38, -w + 4*w + 2*i = 10. Suppose -w*q = 15*q - 8400. What is the units digit of q?
0
Suppose -5*w - 175 = 4*s, -6*s = -s - w + 197. Let p = s - -76. What is the tens digit of 532/p + (-4)/(-18)?
1
Let m = 86 - 95. Let a = m + 86. What is the units digit of a?
7
Suppose o - 2*f = -4*o + 99, -2*f + 69 = 3*o. Let r(h) = h**3 - 20*h**2 - 17*h - 49. Let m be r(o). Let p = m - 14. What is the units digit of p?
1
Let s = 9942 - 6266. What is the hundreds digit of s?
6
Let b be 22/77 - 94/(-14). Let y(s) = 3*s**2 - 6. Let g be y(b). Let u = g + -94. What is the units digit of u?
7
Let j = -7 - -15. Suppose -12 = -5*h + j. Suppose 4*s = 4*k + 4, k - h*s + 9 = 2*k. What is the units digit of k?
1
Let c(g) be the third derivative of 0*g - 1/2*g**4 - 2*g**3 + 1/60*g**5 - 10*g**2 + 0. What is the units digit of c(13)?
1
Let m = -15529 - -48089. What is the hundreds digit of m?
5
Suppose -2920155 = -8393*k + 8344*k. What is the ten thousands digit of k?
5
Suppose 0 = -5*d + 21 + 39. Let z(l) = 12*l**2 - 2410*l**3 - 5 - 5 + 2409*l**3 + 10*l. What is the units digit of z(d)?
0
Let p(v) be the third derivative of -5*v**4/8 - 5*v**3 + 205*v**2 - 1. Let b = -22 + 11. What is the hundreds digit of p(b)?
1
Let j(l) = l**3 - 21*l**2 - 26*l - 41. Let f be (-1 + 18/(-5))/(59/(-295)). What is the units digit of j(f)?
9
Let g(v) = -41*v + 33. Let o = -66 - -71. Let q(h) = 41*h - 33. Let r(b) = o*g(b) + 4*q(b). What is the tens digit of r(-4)?
9
Suppose 7*a - 27*a = -65280. What is the hundreds digit of a?
2
Let l(z) = 199*z**2 - 5*z - 8. Let d(r) = -r**3 + 4*r**2 + 4*r - 18. Let y be d(4). What is the units digit of l(y)?
8
Let d be (-36)/198 + ((-48)/(-22) - -2). Suppose o + 8 = z, 0 = z + 3*z + d*o. Suppose l - 138 = z*y - 0*y, l + y - 153 = 0. What is the tens digit of l?
5
Let x(c) = 397*c - 4866. What is the hundreds digit of x(56)?
3
Let j(n) = n**2 + 21*n - 19. Let u be j(-22). Suppose 2214 = u*y + 2*f, 1868 = 2*y + f + 391. What is the hundreds digit of y?
7
Let l = -14117 - -29107. What is the hundreds digit of l?
9
Suppose -x = 4*i - 7044, -4*x - 3508 - 3536 = -4*i. What is the units digit of i?
1
Let s(v) = 8*v**2 + 24*v - 2. Let i(d) = 16*d**2 + 46*d - 3. Let m(z) = 3*i(z) - 5*s(z). What is the hundreds digit of m(7)?
5
Let y = 454 - 1122. Let g = -460 - y. Suppose -3*f + 